alse
Let i = -41 + 44. Suppose 7*l = i*l - 4*t + 744, 188 = l - t. Is l a composite number?
True
Let n(v) = 3519*v**2 - 7*v + 19. Is n(2) a prime number?
True
Let d(y) = -425*y**3 - 9. Is d(-4) composite?
False
Let x(c) = c**3 - 7*c**2 - 10*c + 10. Let d be x(7). Is (-24)/d + 2 + (-6703)/(-5) composite?
True
Suppose -2*t + 81856 = -g, 40935 = -63*t + 64*t - 4*g. Is t a composite number?
False
Let i(p) = -2*p + 25. Let x be i(11). Suppose -x*m = -s + 616 + 1139, 5*s + 3*m = 8811. Suppose -y - y + 6 = 0, 4*y - s = -3*j. Is j a prime number?
False
Suppose 0 = -5*c - 15, -2*c = 5*d - c - 7. Suppose u + 3*q - 394 = 0, 5*q - 46 = d*u - 823. Is u prime?
False
Suppose -4*r + 4*i = -2*r - 21038, -2*r + 2*i + 21036 = 0. Is r composite?
True
Let o be (6/(-8))/(12/144). Is (-2)/3 + (-6333)/o a prime number?
False
Suppose h - s = 49, -1 = -4*s + 7. Let r = h + 110. Is r prime?
False
Let z(b) = 44*b**3 + 3*b**2 - b + 1. Is z(3) a prime number?
True
Let k(n) be the second derivative of 0 - 3/2*n**2 - 1/12*n**4 + n + 13/6*n**3. Is k(11) composite?
False
Let b(a) = -a**3 + 10*a**2 + 9*a + 1. Let m = 9 - 5. Suppose k - 25 = -f + m*k, 0 = -4*f + k + 45. Is b(f) composite?
True
Let f be (-50)/4*(-4 - 6). Let q = 1224 - f. Is q a prime number?
False
Suppose 4*s - 12161 = 18707. Is s prime?
True
Suppose 21*z = -99 + 6756. Is z prime?
True
Let x(z) = -2*z**2 - 4*z + 1. Let k be x(-2). Let h(u) = -2*u + 2. Let w be h(k). Suppose w = -4*d + 3*d, 5*l = 4*d + 235. Is l a prime number?
True
Let n(l) = 18*l**2 - 4*l + 5. Let m be n(5). Suppose 0*v + 3*v - 3*p - 1317 = 0, -2*p - m = -v. Is v a composite number?
False
Suppose -4*k = -5*f - 21536 - 23965, -4*k + 45491 = -3*f. Is k a prime number?
True
Suppose r + 106 = -w - 550, -1975 = 3*r - 4*w. Let k = r + 1244. Is k composite?
False
Let i(g) = 3*g - 3. Let m be i(-3). Let d(b) = -b**3 - 8*b**2 - 3*b + 5. Let t(r) = -2*r**3 - 17*r**2 - 6*r + 10. Let h(l) = -5*d(l) + 3*t(l). Is h(m) prime?
False
Let k(h) = -3*h**3 - 35*h**2 - 21*h + 95. Is k(-24) a composite number?
False
Let q be (-11457)/27 - (1 - (-4)/(-3)). Let x = q + 1617. Is x composite?
False
Let p(b) = -b**2 + 3*b + 11. Let x be p(5). Is (-5 - (-126)/24)*3188/x prime?
True
Let v = -175 - -208. Is v a composite number?
True
Let a = 20 - 12. Let n(m) = m**2 - 9*m + 8. Let o be n(a). Suppose o*v + 62 = 2*v. Is v a composite number?
False
Suppose 0 = -2*o - 10, 6*x = 4*x - 2*o + 20. Suppose 2*k - 2*m = -28, -3*k - x = -5*m + 23. Let r = 65 + k. Is r a composite number?
True
Suppose 7*d - 4*d + 2*l = 1251, l + 1260 = 3*d. Is d prime?
True
Let u(f) = -f**3 + f**2 - f + 698. Is u(0) a prime number?
False
Let s(u) = -3*u + u - 5*u**2 + 4*u**2 - 1 - 9*u**3. Let o be s(-1). Is (-997)/(-9) - (-2)/o a composite number?
True
Let t = 3 + 8. Suppose -4*o = t - 3, 0 = -5*f - 2*o + 1766. Suppose 5*y - f = 201. Is y a prime number?
False
Suppose f - 92 = 92. Suppose -4*u + f = k + 44, -16 = -4*k. Is u composite?
True
Let g = 9 + -15. Let m = g + 9. Suppose 83 = -n + m*n - 3*p, 3*n - 3*p = 120. Is n a composite number?
False
Let m(p) = 3 + p**3 - 4*p**2 + 2*p - 4*p + 6*p**2 + p. Let s be m(4). Let t = 306 - s. Is t composite?
False
Suppose -60*t + 54*t - 24 = 0. Let q(n) = -71*n + 9. Is q(t) prime?
True
Let y = -16 + 26. Suppose 2 - y = -4*a. Suppose -3*r + 149 = -a*r. Is r a prime number?
True
Suppose -3*u + 3*b + 70368 = 0, -3*u - 2*b - 4296 + 74679 = 0. Is u a prime number?
True
Suppose -5*k + 14 = -1, -2*k = -2*d + 5086. Let t = d + -1753. Let v = 1148 - t. Is v composite?
True
Suppose 4*x + 40 = 5*r, -5*r + r - 5*x - 9 = 0. Suppose -z - 6605 = -4*i, 0*i + 2*i - 3298 = -r*z. Is i a prime number?
False
Is (11971 - 12)/(2 + (2 - 3)) a composite number?
False
Suppose -3*n - 5*q + 38 + 13 = 0, -5*n = 2*q - 66. Suppose -5*r - 10318 = -n*r. Let c = -901 + r. Is c a prime number?
False
Suppose 0 = 3*u - 14161 - 227. Let w = u + -3261. Suppose 6*z = 11*z - w. Is z a prime number?
True
Let c(u) = u + 95. Suppose 0*g + 3*g = 0. Suppose g = -0*s + s. Is c(s) a composite number?
True
Let q(u) = u + 13. Let l be q(-10). Suppose -j = 0, -2*r - l*r + 20 = j. Suppose -2*c - g = -4*g - 1049, 5*c + r*g = 2565. Is c composite?
True
Suppose 3*k - m - 16 = m, 2*k - 9 = m. Suppose -z - k*z = -12, -g = -3*z + 9. Suppose 0 = 4*i - j - 3473, g*i + 4*j = 8*i - 4333. Is i prime?
False
Suppose -48*p - 32557 = -207709. Is p composite?
True
Let n = -5 - -4. Let b = n + 5. Suppose 316 = b*a - 2*r, -5*a + 6*a + 2*r - 79 = 0. Is a prime?
True
Let g(j) = -2*j**2 - 4*j - 14. Let c be g(-5). Is (-1)/4 + (-1639)/c a composite number?
False
Suppose -2*o - 14888 = -3*f - 40095, -3*f = 5*o - 63028. Is o prime?
False
Let u = -2528 + 14159. Is u prime?
False
Let i = -1079 - -1699. Suppose 4*u - 2*u - i = -2*n, -2*u - n = -615. Is u composite?
True
Let u be ((-9)/(-6))/(2/(-4)). Let r be (-12)/4*2/6. Is r/(u + 542/181) composite?
False
Let m = -1469 + 2138. Is m/(-3)*(-7 + 6) a prime number?
True
Suppose d = 4*l + 13, -3*d = 3*l - 2*l + 13. Is 4/3 + (-953)/d a composite number?
True
Let b be (-16)/(-7) + (-8)/28. Suppose -5*m = c - 1492, m - b*c - 132 = 162. Suppose m = 2*t - 34. Is t prime?
False
Let g(t) = -t**3 + 10*t**2 + 2*t - 4. Suppose 3 = 3*w - 0*w. Suppose 5*q - 2*l - 33 = 0, 0 = l + 3 + w. Is g(q) composite?
False
Suppose -h + 14 = -3*o, o - 2*h - 2*h = 10. Let l(w) = -3*w**3 - 4*w + 5. Is l(o) composite?
False
Let z(l) = 395*l + 5. Let j = 15 - 13. Let y be z(j). Suppose 0 = 4*x - x - y. Is x a composite number?
True
Let d(a) = -a**2 - 5*a - 4. Let f be d(-4). Is (-2)/(-8) + f + (-5298)/(-24) prime?
False
Suppose -3*i + 15 = 0, 2*i = -5*z - 0*i + 35. Suppose -m + 43 = m - 5*c, z*m - 97 = 2*c. Let n(v) = -v**3 + 20*v**2 + 7*v - 25. Is n(m) a prime number?
False
Let g = -217 - -415. Let t = g + -140. Is t prime?
False
Let u be ((-276)/36)/((-1)/(-12)). Let h = 231 + u. Is h prime?
True
Suppose -1666 = -2*d + 4*d. Let g = 2884 + d. Is g prime?
False
Suppose -14*k + 3*k + 88 = 0. Is (1/k*10)/((-2)/(-6488)) prime?
False
Is 3512/8*28 - 5 composite?
True
Let x(o) = -979*o + 6. Let k be x(-3). Let i = k + -1856. Is i prime?
True
Is ((-15121)/2)/(3/(-6)) composite?
False
Let p = -511 - -304. Let x = p - -627. Let j = x + 499. Is j composite?
False
Is 2/28 + (-21719295)/(-546) a composite number?
False
Let q(o) = 6*o**3 - 5*o**2 - 3*o + 4. Let r be q(-4). Let a = r - -1229. Is a a composite number?
True
Let h(d) be the first derivative of d**3 + 2*d**2 - d + 3. Suppose 0 = -2*z - 3 - 1. Is h(z) prime?
True
Is 17/((-85)/88702)*(-20)/8 a prime number?
True
Let c = -8056 - -14471. Is c prime?
False
Let q be (8 - (-7)/(-1)) + -6 + 0. Let d(h) = -10*h**3 - 6*h + 5. Is d(q) a composite number?
True
Suppose 56827 = 3*q + a, 45*q - 40*q = 4*a + 94723. Is q prime?
False
Suppose -d + 206 = -3*n, 0*d - 4*d = -n - 54. Let j = n + 371. Suppose -3*f + j = -17. Is f prime?
False
Let t be 6*(3 + 3/(-2)). Suppose -6*b + t = -3*b. Suppose -1735 = -2*x + 4*u - 3*u, 0 = -x + b*u + 880. Is x prime?
False
Suppose -11*v = -0*v - 40315. Is v a prime number?
False
Suppose 0 = -7*s + 312408 - 34795. Is s a composite number?
False
Let v = 3 + 0. Suppose v*p + 6 = 21. Suppose -5*l - 490 = -2*s - 3*s, p*s - 445 = -4*l. Is s a composite number?
True
Let l be -1*3/6*4. Let b be l/5 - (-1744)/10. Suppose -2*h - 40 = -b. Is h composite?
False
Suppose -3*v = -5*a - 296, 0 = -v - 3*a + 59 + 21. Let u = -62 + v. Let j = 91 + u. Is j prime?
False
Is 1053035/45 - (-1)/((-63)/(-14)) prime?
False
Let z(v) = v**2 + 5*v + 3. Let k be z(-5). Suppose 10 = k*l - 8. Is (-21)/7*(-586)/l a composite number?
False
Let y(b) = b**3 + 5*b**2 + 24*b - 7. Suppose 4*p - 46 = -14*w + 11*w, -3*w + 4*p + 14 = 0. Is y(w) prime?
True
Let h(g) = g + 1. Let p be h(10). Let y(d) = d - 11. Let j be y(p). Is (-2 + j)*-2 + -2 a composite number?
False
Let y = -31 - -46. Let s be ((-44)/(-6))/(10/y). Is 4 - s*-78 - -4 a composite number?
True
Let x(g) = -32 - 7 + 2 + 61*g. Is x(8) composite?
True
Suppose -l = 3*a + 2*a - 19789, 5*a - 19773 = 3*l. Is a composite?
True
Let o be 125/(4/8*1). Let f = o + -119. Is f a prime number?
True
Suppose 0 = n + 4*u - 1706 - 1945, 3*n = u + 10979. Is n a prime number?
True
Let t(p) = 21432*p**2 - p + 2. Is t(1) prime?
True
Suppose 4*v - 176 = -4